 divisor of 16 and x?
16
Let x = 4918 - 868. What is the greatest common factor of x and 162?
162
Let r be 6/3*((-105)/(-2) + -7). Calculate the highest common factor of 1248 and r.
13
Suppose -3*o - 2*f = -6, -14*o = -10*o - 2*f - 8. Let z be (81/(-45))/(o - (-33)/(-15)). Calculate the greatest common divisor of z and 81.
9
Let n(o) = -92*o**3 - 5*o**2 + 86*o + 356. Let y be n(-4). What is the greatest common factor of y and 60?
60
Let n = -79 - -139. Suppose -85*x - 2*o = -83*x - 286, -4*o - 268 = -2*x. What is the highest common factor of n and x?
20
Let y(m) be the third derivative of -1/6*m**4 + 2*m**3 + 0*m - 8*m**2 + 0. Let n be y(-6). Calculate the greatest common factor of n and 24.
12
Suppose -44*i = -8*i - 1512. Calculate the greatest common divisor of i and 1533.
21
Let c = -2256 + 2354. Let h = -46 - -81. Calculate the highest common divisor of h and c.
7
Let j = -1673 - -2414. Let a(k) = 2*k**2 + 92*k - 361. Let h be a(4). Calculate the highest common divisor of h and j.
39
Let y = 148 + -154. Let a be y*10/(-12) - -16. What is the highest common divisor of 9 and a?
3
Let z be ((-226912)/12)/(-7) - 5/15. What is the greatest common factor of 407 and z?
37
Suppose 0 = 280*v - 63212 - 60548. Calculate the highest common divisor of v and 2669.
17
Let z(a) = 6*a**3 + 37*a**2 - 73*a + 6. Let i be z(2). What is the greatest common factor of i and 176?
8
Let p be (-1168)/(-84) + 14/(-1176)*-8. Suppose -2*z = -2*a - a - 851, -2130 = -5*z + 5*a. Calculate the highest common divisor of z and p.
7
Let y = 22879 - 9639. What is the highest common factor of 10 and y?
10
Suppose -4*k = 2*t - 419 - 685, k + 1 = 0. Suppose 1530 = 16*b + t. What is the greatest common factor of 183 and b?
61
Let f be 20*((-6)/10)/((-3)/2). Suppose -f*o + 90 = -310. What is the greatest common divisor of o and 70?
10
Suppose -2*c = -5*v - 2395, 7*c = 9*c - 2*v - 2398. Calculate the greatest common factor of 288 and c.
48
Suppose 4*y + 0*p - 641 = -p, -p = 5*y - 800. Let g = y + -142. Calculate the highest common divisor of 5 and g.
1
Let u be (135/15)/((-1)/(-3)*(2 + -1)). Calculate the highest common divisor of u and 261.
9
Suppose 0 = 5*g + 20, -10*g + 12*g = 5*k + 2. Let n(z) = -30*z - 9. Let b be n(k). Calculate the highest common factor of 34 and b.
17
Suppose -2*s - 5*x - 265 = -442, 4*x - 90 = -s. Calculate the highest common factor of 1892 and s.
86
Let r be (-63)/((-756)/20408) + 2 + 5/(-3). What is the highest common factor of 54 and r?
27
Suppose 5*n + 378 = 388. Suppose 0 = -2*x - y - 17 + 45, 0 = -x - n*y + 11. What is the highest common factor of 165 and x?
15
Let f = -1368 - -1797. Calculate the highest common factor of 624 and f.
39
Suppose -4*k + 0*k = -64. Suppose 2*l + l = 2*z - k, 5*z = -5*l - 10. Suppose -z*d + 3*d - 7 = 0. Calculate the greatest common divisor of 42 and d.
7
Let l be 1/3 - (-170)/102. Let w(h) = -5*h**3 + h**2 + h. Let m be w(-1). Suppose -32 = r - m*r. Calculate the greatest common divisor of r and l.
2
Suppose 0 = -4*m + 148 - 28. Let x = 14 + -11. What is the greatest common factor of m and x?
3
Let w(c) = -21*c + 8. Suppose -2*h = -3*f - 30, -f + 12 - 36 = 4*h. Let p be w(f). What is the greatest common factor of p and 20?
20
Let q = -9411 - -9581. Calculate the highest common divisor of 170 and q.
170
Let j(x) = x**3 - 20*x**2 - 31*x - 212. Let g be j(22). Calculate the highest common factor of 1147 and g.
37
Suppose -8*k = -3*k - 425. Let w(r) = r**2 - 3*r - 1. Suppose -14*j = -60 - 24. Let z be w(j). Calculate the highest common factor of k and z.
17
Let a(n) = 2*n**2 - n - 6. Let s be a(-4). Suppose -41*p = -10*p - 744. What is the greatest common factor of s and p?
6
Let d(y) = y**2 + y - 663. Let z be d(29). What is the highest common divisor of 45 and z?
9
Suppose -16*q + 1099 = -11*q + 2*w, q - 210 = w. What is the highest common divisor of 112 and q?
7
Let w(i) = i**2 + 282*i - 3683. Let y be w(13). What is the greatest common factor of y and 551?
19
Suppose y - 19*h + 24*h - 191 = 0, -3*h = -y + 199. Calculate the highest common divisor of y and 126.
14
Suppose 0 = -3*m + 4*n - 37 + 1038, -4*m = -5*n - 1332. What is the highest common factor of m and 3706?
17
Suppose 21*j - 4 - 1991 = 0. What is the greatest common factor of j and 65?
5
Let d(u) = 1352*u**2 - 220*u - 663. Let c be d(-3). What is the highest common divisor of c and 15?
15
Suppose -5*k + 0*g = -2*g + 73, -5*k - 77 = 2*g. Let r be (-70)/k + -5 - 50/(-6). Let z be 0 - (0 - 20*1). What is the greatest common divisor of r and z?
4
Suppose 8*s - 2 = 6*s. Let z be 3*s/6*4. Suppose z*a = -3*d - 6, 0 = -2*a + 6*d - 2*d + 22. Calculate the highest common factor of 33 and a.
3
Suppose 24*d - 90 = 21*d. Calculate the greatest common divisor of 315 and d.
15
Suppose -2*a + f - 493 = -6*a, -4*f + 373 = 3*a. What is the highest common divisor of a and 22099?
41
Suppose -447*d - 53053 = -458*d. What is the highest common divisor of 7 and d?
7
Suppose -27231*r + 4200 = -27196*r. Calculate the greatest common divisor of r and 66.
6
Suppose -p + 3*z + 63 = 0, 3*p - 192 = -3*z - 51. Let x = -61325 + 61376. Calculate the greatest common divisor of x and p.
51
Let i = 11778 - 9878. Calculate the highest common factor of i and 100.
100
Let z be 385/(-10)*((-9008)/56 + -8). Calculate the highest common factor of z and 66.
33
Let a be 212 + -227 + 1*20. Calculate the highest common factor of a and 485.
5
Let n(o) = -2*o**2 - 11*o - 24. Let s be n(-4). Let d(m) = -m**2 + 5*m + 216. Let g be d(s). Calculate the greatest common divisor of g and 516.
12
Suppose 4*p = 12, 4*p = -137*m + 140*m - 486. What is the highest common factor of 83 and m?
83
Let h = 9583 - 9049. What is the highest common divisor of h and 2848?
178
Let w(i) = -i**3 + 113*i**2 + 979*i - 190. Let u be w(121). What is the greatest common factor of u and 7?
7
Let m(r) = r**2 - 9*r - 3. Let n be 16/(-64)*(0 + -40). Let g be m(n). Calculate the highest common divisor of g and 1.
1
Suppose 3*k - 556*o - 85808 = -557*o, 2*k - 57214 = -5*o. What is the greatest common factor of k and 7?
7
Suppose -2*m - q + 211 = -156, 5*m + 3*q = 917. Calculate the greatest common factor of 1564 and m.
92
Suppose -m + 40 = 4*m. Suppose -4*y = o + 149, -m*o = -3*o - 4*y + 769. Let k be (-4)/(-34) + (-1818)/o. Calculate the highest common divisor of 12 and k.
12
Suppose -3*y + 2*s = -s - 2499, -2499 = -3*y + s. What is the highest common divisor of y and 952?
119
Suppose -3*c = c - 64. Suppose -24 = -2*q + 2*f, -4*q - 3*f = -8*f - 50. Let v be q/(-4) - 2968/(-112). What is the highest common factor of v and c?
8
Let l(h) = 518*h + 6188. Let c be l(10). What is the greatest common factor of 232 and c?
232
Let k be (-27)/((-110)/20 - -5). What is the greatest common divisor of 1206 and k?
18
Suppose 11*g - 1135 = -15*g + 893. What is the highest common factor of 74 and g?
2
Let h = 5388 + -5340. What is the greatest common divisor of h and 1384?
8
Let n be (-2 + 4 - 1)/(-1). Let b = -15 - -25. Let w be n/b*2 - (-1130)/25. Calculate the highest common factor of w and 5.
5
Suppose -4*i = 2*x - 0*i + 300, -5*i - 15 = 0. Let k = -93 - x. Suppose -32 = -53*o + k*o. Calculate the highest common factor of o and 48.
16
Let q = 182 + 408. What is the greatest common divisor of q and 10?
10
Suppose 0 = 9*j - 6*j. Suppose j = 5*q - 244 + 44. Suppose q = 29*p - 25*p. What is the highest common divisor of 130 and p?
10
Let d(n) = n**3 + 8*n**2 + n - 10. Let j be d(-6). Let l be ((-14)/5)/(2/(-20)). Calculate the greatest common divisor of l and j.
28
Suppose -3*n - 2*p = -746, -13*p = 5*n - 8*p - 1240. Calculate the greatest common factor of 4375 and n.
125
Suppose 64*n + 155*n - 4946 = 8413. Calculate the highest common divisor of 25803 and n.
61
Let w(j) = -j**2 + 12*j + 61. Suppose 0 = -2*v - 4*g + 22, -3*g = 3*v + 2*g - 35. Let s be w(v). Calculate the greatest common divisor of s and 2.
2
Suppose 4*y + 150 = 5*h + 9*y, 0 = -4*h - y + 126. What is the greatest common divisor of h and 456?
8
Suppose -c - t + 30 = 0, -5*c = 12*t - 13*t - 150. What is the highest common factor of 3290 and c?
10
Let b(i) = -i**3 + 44*i**2 - 79*i - 50. Let c be b(42). Let v be ((-60)/(-9) + 1)*3. Let s be -3*(-4 + 5) + v. Calculate the greatest common fact